n - -610. What are the prime factors of p?
257
Let d = -177 - -186. Suppose m + 4*b = 446, -2*b = -d - 1. List the prime factors of m.
2, 3, 71
Suppose 0 = 2*w - 3*v - 18, 0*v - 3*v = 6. Suppose 0 = -w*h + 2*h + 1188. List the prime factors of h.
3, 11
List the prime factors of ((-86840)/30 + 4 - -2)*-3.
2, 7, 619
Suppose 0 = 41*g - 2760 + 710. Suppose 10*p = g*p - 26920. What are the prime factors of p?
673
Let t = 16334 + -9549. List the prime factors of t.
5, 23, 59
Let k = -35762 + 86185. What are the prime factors of k?
50423
Let r = 0 - -79. Let h = 131 + -84. Suppose h = g - r. List the prime factors of g.
2, 3, 7
Let n = 493 - 95. Suppose -3*u + 0*k = 2*k - n, 2*u + k - 266 = 0. List the prime factors of u.
2, 67
Let r(w) = w**2 - 46*w + 130. Let k be r(43). List the prime factors of (8 - (k - -5))*(-442)/(-2).
2, 13, 17
Suppose 3*b + 2*b - 25 = 0. Suppose -x = b*x + 42. What are the prime factors of (-6)/42 + (-358)/x?
3, 17
Suppose -4*q + 2 - 26 = 3*v, 2*q + 3*v = -12. Let g be (-3)/(-6) + 435/q. Let i = g + 103. What are the prime factors of i?
31
List the prime factors of (-1405)/15*(2700/(-9) - -15).
5, 19, 281
Suppose -2*n - 5*y + 3697 = 0, 0 = 6*n - 2*n - 3*y - 7381. Suppose -n = -12*x + 1238. List the prime factors of x.
257
Let o(h) = 51*h - 18*h - 18*h - 16*h + 312. What are the prime factors of o(0)?
2, 3, 13
What are the prime factors of -244*(-229)/2 + (0/6 - 0)?
2, 61, 229
Suppose 18 - 3 = 3*j. Suppose 0*p = -3*p - j*u + 847, -3*p - u = -851. Suppose -p = 9*f - 13*f. List the prime factors of f.
71
Let r = 102 + 9. Let q be -1 + (r - 1) - -1. Suppose -2*t = -t - q. List the prime factors of t.
2, 5, 11
Suppose 41 = -5*q + 51. Let o be 178/(2 - q - 1). List the prime factors of o*(1 + 1 + -3).
2, 89
Suppose 22 = 2*n + 3*f + 58, -4*n - 54 = -3*f. List the prime factors of ((-10)/n - 3)/(2/(-168)).
2, 7
Suppose 15584 = -11*j + 27*j. List the prime factors of j.
2, 487
Suppose -2*z + 3*n + 5980 = -3878, 4*z - 5*n = 19716. What are the prime factors of z?
3, 31, 53
Let s be (4/6)/(2/(-48)*4). Suppose 3*v - 2*a - 10 = 0, -a - 19 = -5*v - 0*a. What are the prime factors of -3 - (-94 - v - s)?
7, 13
Suppose 5*x + 96 - 51 = 0. Let c be (-27)/(-6) - x/(-6). Suppose -v = 5*r - 501, c*r + 190 = 5*r + 3*v. What are the prime factors of r?
101
Suppose -107*g + 49*g = -29*g - 130239. What are the prime factors of g?
3, 499
Suppose -10*c - 9 + 29 = 0. Suppose c*s + 410 = -g - 2, -3*g = -4*s - 834. List the prime factors of ((-9)/18 - (-2)/(-12))*s.
2, 3, 23
Let c be 44/8 + (-3)/(-6). Suppose -16 = 4*k, -5*h + k + c = 2. Suppose -4*n + 103 = -h*n + 5*l, n - 4*l - 10 = 0. List the prime factors of n.
2, 11
List the prime factors of ((-144)/56)/(12/(-56308)).
2, 3, 2011
Let u(f) = 59 - 5*f - f**2 + 8*f + f + 2*f. Let k be u(11). Suppose -3*i - k*i + 406 = 0. List the prime factors of i.
2, 29
Let o be 9/(54/8) - (-268)/6. What are the prime factors of o/(-207) - (-5267)/9?
3, 5, 13
Suppose -5*s + 12113 = -4*v, -821 + 3231 = s - 5*v. What are the prime factors of s?
5, 97
Let z(v) = -v - 39. Let b be z(0). Let r = 894 - 766. Let n = b + r. List the prime factors of n.
89
Let n be (-1)/(-1*(-5)/35). Let g be -1 + 78/21 - 2/n. Suppose -4*i = -2*f - 0*i + 370, 2*f - 370 = g*i. List the prime factors of f.
5, 37
Let y(t) be the second derivative of -151*t**3 - 14*t**2 + t + 1. What are the prime factors of y(-1)?
2, 439
Let v = -23 + 23. Suppose -640 = -v*y - 5*y. List the prime factors of y.
2
List the prime factors of -15 + 25 - -39874 - 3.
19, 2099
Suppose -z + 1 = -2. Suppose -z*m = -0*m + 423. What are the prime factors of 0 - (-2)/(-2 - 284/m)?
3, 47
Let q = -52 + 59. Let c be 24/(-14)*-7*q/14. Suppose -5*x + 752 = -3*t, 0 = 2*x - c*t + t - 297. What are the prime factors of x?
151
Suppose -u + 4 + 4 = 2*m, 3*u + 16 = 2*m. Suppose m*q + 6312 = 4*f + 529, 3*q - 7238 = -5*f. List the prime factors of f.
1447
Suppose 41*c = 32*c + 648. What are the prime factors of (-1265)/(-7) - c/(-252)?
181
Let y(t) = 4*t**3 + 9*t**2 - 8*t - 19. Let v(u) = -u**3 - 31*u**2 - 4*u - 120. Let g be v(-31). List the prime factors of y(g).
349
Suppose 0 = 3*o - 5*c - 4, -5*o = -c - 12 - 2. Let g(r) = -4*r**2 + 0*r - r**2 - r**o - 6 + 0 - 5*r. List the prime factors of g(-6).
2, 3, 5
Let x(c) = 26*c**3 - c**2 + 5*c - 2. Let r be x(3). List the prime factors of r/(-4)*(0 - 2).
353
Suppose f = -3*d + 10304, 75*d - 73*d - 20584 = -2*f. List the prime factors of f.
2, 37, 139
Suppose r = 5*y + 579 + 767, 0 = 5*y. Let c = 2482 - r. What are the prime factors of c?
2, 71
Suppose 0 = 19*l - 87887 - 51687. What are the prime factors of l?
2, 3673
Suppose -3*d = 5*c - 39908, 89*c - 39916 = 84*c - d. What are the prime factors of c?
2, 499
Suppose 62*s = 59*s + 3*o + 40938, 2*o = -2. List the prime factors of s.
5, 2729
Suppose -3*b - 18 = -2*y, 3*b = -0*y - 3*y - 18. What are the prime factors of (4/b)/(18/(-459))?
17
Suppose -18 = 3*s + 3*k, 2*s - 4*k + 25 = -s. List the prime factors of -66*(3 + s - 4).
2, 3, 11
Let m be (-6)/12*-2*4. Suppose 2*g = -2*g + 5*k + 24, m*g - 56 = -3*k. Suppose -7*q = -g*q + 316. List the prime factors of q.
79
Suppose 194 = -3*n + 914. Suppose -k - k = -n. Let b = -39 + k. List the prime factors of b.
3
Let v = -48906 - -84226. List the prime factors of v.
2, 5, 883
Let y(t) = -t**3 + 1. Suppose 3*w - x = 34, 5*x - 25 - 33 = -4*w. Suppose -3*n + 6 = w. What are the prime factors of y(n)?
3
Let t = -48868 + 94876. What are the prime factors of t?
2, 3, 71
Let w(o) = o**2 - 3*o + 3. Suppose -b + 0*b - 17 = -5*d, -5*d = 4*b - 7. Let n be w(d). List the prime factors of 8/(8/n)*12.
2, 3
Let m = 11 + -4. Suppose -3*u + m = -326. Suppose 0 = 4*q - 16, 0*q + 2*q - u = -b. What are the prime factors of b?
103
Suppose -7*n + 26*n - 209 = 0. Suppose n*u + 331 = 2256. What are the prime factors of u?
5, 7
Let a = -90523 - -128189. List the prime factors of a.
2, 37, 509
Let b(v) = v**3 - 5*v**2 - 66*v + 539. What are the prime factors of b(24)?
19, 521
Let f(v) = 25*v - 387. Let s be f(16). Let k(x) = -x**3 + 22*x**2 - 85*x. What are the prime factors of k(s)?
2, 13
Let p = -11 + 15. Let w be ((-7)/2)/(p/8). Let f(m) = -m**3 - 7*m**2 - 4*m - 3. List the prime factors of f(w).
5
Suppose -2*t - 9958 = -5*d - 27356, 34778 = 4*t - d. What are the prime factors of t?
2, 3, 7, 23
Suppose 63*h = 49*h + 82474. Suppose -23*s + 1929 + h = 0. What are the prime factors of s?
2, 5, 17
Let u(k) = -k**3 + 3*k**2 - 5. Let j be u(3). Let i(x) = 1. Let m(g) = 10*g + 12. Let v(b) = j*i(b) + m(b). List the prime factors of v(16).
167
Suppose 32 = -4*t + 5*b, 3 = -4*t + 4*b - 33. Let u(a) = -a**2 - 13*a + 8. Let p be u(t). Suppose 0 = p*l - 12*l + 496. List the prime factors of l.
2, 31
Let x = -190 - -198. Suppose -8065 - 959 = -x*u. What are the prime factors of u?
2, 3, 47
Let v(i) = 3025*i - 13802. List the prime factors of v(8).
2, 3, 1733
Let l(q) = -q**2 - 6*q + 22. Let o be l(3). What are the prime factors of -29*(-2 + o/((-5)/1))?
29
Let d(t) be the second derivative of -9*t**5/10 + t**4/6 + 2*t**3/3 - 5*t**2/2 - 26*t. Let r be d(2). Let g = -30 - r. What are the prime factors of g?
103
Let k(c) = -30*c**2 - 5*c - 5. Let a be k(-2). Let n = 156 + a. What are the prime factors of n?
41
Suppose -5*q + 10 = -a - 14, 5*a = -3*q - 8. Suppose q*r + 454 = 3*t + 6*r, 0 = 4*t + 2*r - 606. Suppose -424 + t = -4*c. What are the prime factors of c?
2, 17
Suppose a - 2*u + 3*u = 1, 0 = 4*a - 4*u + 20. Let o be (-9 + 2*3/a)*-4. Suppose -f = 2*m - o, 2*m - f = 3*f + 38. List the prime factors of m.
23
Let f = 176 - 164. Let b(l) = l**2 + 8*l + 41. List the prime factors of b(f).
281
Let c(q) = 7*q**3 - 2*q**2 + q. Let g be c(1). Suppose -1604*y + 88 = -1593*y. List the prime factors of 458/g + y/(-24).
2, 19
Suppose 0 = -2*v + 5*w + 13, -w - 2 = w. Suppose -l + v*h = 3*l - 5476, -5*l - 3*h + 6829 = 0. What are the prime factors of l?
1367
Let n = 19336 - 2924. List the prime factors of n.
2, 11, 373
Suppose -4*x - h = -4781, 2*x + 5*h - 2652 = -257. Suppose 42*s - 47*s + x = 0. What are the prime factors of s?
239
Let s(x) = -151*x - 70. Let j be s(-4). Let m = j + -268. List the prime factors of m.
2, 7, 19
Let g = 35 - 22. Let z be 609/9 + (-20)/(-15). Let i = z - g. Lis